en 43 is divided by o(r).
10
Let o(g) = g**2 + 5*g + 1. Let t be o(-7). Let k = t - -3. Calculate the remainder when (-4)/(8/(-110)) + -2 is divided by k.
17
Suppose a = 2*p - 4*p + 54, 5*a - 270 = 5*p. Calculate the remainder when a is divided by 11.
10
Suppose -19 = -2*r + 23. Let i be 3*(-274)/(-12)*2. Let j = i - 75. Calculate the remainder when j is divided by r.
20
Let k(f) = f + 11. Let p be k(-10). Suppose -7 = -u - p. Calculate the remainder when 16 is divided by u.
4
Let q(z) = -15*z + 5*z - 3 + z**2 + 6*z. Let c = -3 - -9. Calculate the remainder when 16 is divided by q(c).
7
Let j = 438 + -212. Let y = -131 + j. Calculate the remainder when y is divided by 24.
23
Let f be (27/18)/((-1)/6). What is the remainder when 62 - f/(-3) - 3 is divided by 118/6 + 2/(-3)?
18
Let l(y) = 19*y - 8. Let m be 17/4 + (-1)/4. What is the remainder when l(m) is divided by 35?
33
Let q = -55 + 95. Suppose k + q = 5*k. Calculate the remainder when 19 is divided by k.
9
Let j be 6/(-30) + (-252)/(-10). Suppose -2*v - 3*v + j = 0. Calculate the remainder when v is divided by 2.
1
Let p be (24/15 + -2)*5. Calculate the remainder when p*18/(-2) + -1 is divided by 6.
5
Let s = 8 + 3. Let d(w) be the first derivative of -w**3/3 + 11*w**2/2 + 7*w - 3. What is the remainder when d(s) is divided by 3?
1
Let f(c) = -6*c**3 - 2*c**2 + 1. Let x be f(-1). Suppose -y - 12 = -x*y. Suppose y*v = -0*v + 12. Calculate the remainder when 6 is divided by v.
2
Let h be ((-16)/10)/(1/5). Let i = h + 37. What is the remainder when i is divided by 10?
9
Suppose 5*o - 1 = 34. Suppose a - 4*g = o, -3*g = -0*a + a. Calculate the remainder when a is divided by 2.
1
Let z be 7/(14/60) - -3. Suppose p - 4 - z = 0. Suppose -4*c + 20 = -32. What is the remainder when p is divided by c?
11
Suppose 5*k = 4*k - 5. Let c = k + 10. Calculate the remainder when 22 is divided by 12/(-7)*(-2 - c).
10
Suppose -3*t + 86 = -m, -2*t + 48 = -0*m + 4*m. Let i(s) = 5*s + 50. Calculate the remainder when t is divided by i(-8).
8
Suppose -5*n = 6*m - 3*m - 32, 0 = m - 4*n - 39. What is the remainder when 29 is divided by m?
10
Suppose -3*o + 33 = -0*o. Let p = -9 - -12. Calculate the remainder when o is divided by p.
2
Suppose 4*z + 22 = 5*z. Suppose -4*i + 5*d + 4 = -8, -3*i = 5*d - 44. Calculate the remainder when z is divided by i.
6
Suppose 0*y - 3 = -y - 4*o, -o = 0. Suppose 6*k = 4*k + v + 4, 0 = 3*v. What is the remainder when y is divided by k?
1
Let s(q) be the second derivative of -2*q + 1/2*q**2 + 0 - 1/6*q**3. What is the remainder when s(-3) is divided by 3?
1
Suppose -o = -3*k + 41, o - 55 = -8*k + 3*k. Calculate the remainder when ((-70)/210)/(2/(-138)) is divided by k.
11
Let k = -30 + 38. What is the remainder when 46 is divided by k?
6
Let s(n) = -11*n**3 - 6*n**2 - 2*n - 1. Let z(x) = 12*x**3 + 7*x**2 + 2*x + 1. Let q(r) = 5*s(r) + 4*z(r). Calculate the remainder when q(-2) is divided by 18.
15
Suppose 5*a = -0*a + 20, -4*n = a - 24. Suppose 0*h + 2*h = -4*l + 50, -h + n*l + 46 = 0. Calculate the remainder when h is divided by 16.
15
Let x = 13 - 18. Let i = x - -18. Let d(b) = -b**2 + 10*b - 1. Calculate the remainder when d(5) is divided by i.
11
Let m = 50 - 33. Suppose -3*x + x = 2*r - 14, -r = 3*x - 19. What is the remainder when m is divided by x?
5
Suppose -x - 3 = -9. Suppose -4*s - 4*r = -2*r - 94, 5*s = -r + 116. Calculate the remainder when s is divided by x.
5
Let o = 74 + -64. Let w = 3 + 3. Calculate the remainder when o is divided by w.
4
Let o(q) = 10*q + 1. Calculate the remainder when 52 is divided by o(1).
8
Suppose 2*n - 146 = -4*z, -z + n + 179 = 4*z. Calculate the remainder when z is divided by 19.
17
Let m be 2/6 - 10/(-6). Suppose -2*t + 48 = -m*x, -3*t - 2*t - 2*x + 106 = 0. What is the remainder when t is divided by 8?
6
Suppose -d = 5*f - 58, 3*d - 4*f = 143 + 31. Calculate the remainder when 166 is divided by d.
50
What is the remainder when (-2)/(-4) - (-17)/2 is divided by 0 - (0 - (3 + 1))?
1
Let i = 1 - -1. Suppose -3*n = -q + 38, 3*n - 2*q + 23 = -17. What is the remainder when n/(-2) + (-10)/(-10) is divided by i?
1
Let q = 180 + -72. Let i(j) = -12*j - 2. What is the remainder when q is divided by i(-2)?
20
Let j(x) = x**2 + x - 8. What is the remainder when 35 is divided by j(4)?
11
Suppose 5*m - 35 = 5*t, -19 = -5*m + 2*t + 31. Let a be (1/2)/(1/(-2)). What is the remainder when (24 - a) + (-3)/1 is divided by m?
10
Let o = 84 + -58. What is the remainder when 50 is divided by o?
24
Let y(i) = -i**3 + 18*i**2 - 17*i + 16. Let p(l) = l**2 + 1. Let v(c) = 3*p(c) - y(c). Calculate the remainder when v(14) is divided by 10.
9
Let s(w) = -18*w**3 - w**2 + w + 1. Let x = 2 - 3. Calculate the remainder when 8 + (574/7)/2 is divided by s(x).
15
Suppose -18 = -s + 3*z, 4*s + 3*z - 1 = 26. Calculate the remainder when s is divided by 2.
1
Suppose 2*t = d + 4, 3*d - 3*t + t = 8. Calculate the remainder when 17 is divided by d.
5
Suppose 306 = 3*k + 3*y - 2*y, 2*k = -4*y + 194. Suppose 5*g = 37 + k. Calculate the remainder when g is divided by 15.
13
Suppose 2*c - 3*o + 6*o = 186, 0 = 4*o. Let l = c + -62. What is the remainder when l is divided by 8?
7
Let i = 2 - 4. Let q be (1*(i - -3))/1. Suppose 0 = -v - q + 6. What is the remainder when 9 is divided by v?
4
Suppose -18 = -d + 2*u, 5*u - 25 = -5. Let b(r) = -12*r + 3. Calculate the remainder when b(-4) is divided by d.
25
Suppose -4*a + 4*u + 54 = -a, 5*a + 2*u = 90. Calculate the remainder when 52 is divided by a.
16
What is the remainder when ((-232)/10)/((-8)/20) is divided by 20?
18
Suppose -16 = -5*r + r. Let z be 1/r + 27/(-12). Calculate the remainder when -23*(-1)/(-1 - z) is divided by 8.
7
Let u(p) = -12*p + 8. Let y be u(-11). Suppose -i + y = 4*i. Calculate the remainder when i is divided by 10.
8
Let r = -11 + 5. Let w = r - -9. Suppose -3*d - 3 = 4*o + 4, w*o - d = 11. Calculate the remainder when o is divided by 2.
0
Let a(d) be the first derivative of d**4/4 + 7*d**3/3 - d + 3. Calculate the remainder when a(-6) is divided by 18.
17
Let c be (-3)/(-4)*(-16)/4. Let g(n) = -6*n + 1. Suppose -q + 2*i = -0*i - 12, q - 6 = -4*i. Calculate the remainder when g(c) is divided by q.
9
What is the remainder when 33 is divided by (-6)/(-14) - (-1056)/84?
7
Suppose -530 = -5*n - 0*n. Let z = n + -41. Calculate the remainder when z is divided by 22.
21
Suppose -4*r - 6 = -5*r. Calculate the remainder when r is divided by 4.
2
Suppose 0 = d - 15. Suppose 0 = -r - d + 54. Calculate the remainder when r is divided by 14.
11
Calculate the remainder when 117 is divided by ((-10)/(-15))/(-1*3/(-54)).
9
Let u(s) = s - 9. Let w be u(8). Let z(v) = -2*v**2 + 7*v - 4. Let j be z(4). Calculate the remainder when 14 is divided by (10/j)/(w/4).
4
Suppose 6*n - 18 = 3*n. What is the remainder when 21 is divided by n?
3
Let j(q) = -q + 21. What is the remainder when 119 is divided by j(-9)?
29
Let y be 4/2 - -6*11. Suppose -y = 3*h - h. Let l = 53 + h. Calculate the remainder when l is divided by 10.
9
Suppose 2*x + 4*k = -0*k + 146, -5*x - 2*k + 397 = 0. Calculate the remainder when x is divided by 14.
11
Let t(q) = q**3 - 2*q**2 - 3*q + 1. Let k be t(4). Suppose -5*u + 206 = k. What is the remainder when u is divided by 19?
18
Suppose 0*i + 2*i - 4 = 0. Suppose 16 = 3*y + 4*a, 2*y - i*a - 6 = -0. Suppose 15 = -y*q + 59. Calculate the remainder when 32 is divided by q.
10
Let s = -4 - -15. Suppose y - 5*y = -536. Suppose 5*d + 29 = y. What is the remainder when d is divided by s?
10
Let b = 49 + -8. Suppose 2*o + o - 49 = 5*x, 2*o + 3*x - 1 = 0. Suppose 3*m - 7*u + 3*u = 30, 2*u = m - o. What is the remainder when b is divided by m?
13
Let q(s) = s**3 - 9*s**2 + 7*s + 11. Suppose -4*j = j - 40. Calculate the remainder when 7 is divided by q(j).
1
Let g(h) = -h**3 - 4*h**2 - 7. Suppose 5*x = 38 + 12. What is the remainder when g(-5) is divided by x?
8
Suppose w + 4*n + 0*n + 2 = 0, 2*w = -3*n + 16. Calculate the remainder when w is divided by 5.
4
Let i = 2 + 0. Let f(j) = -j**3 + 6*j**2 - 2*j - 1. What is the remainder when f(i) is divided by 7?
4
Calculate the remainder when (-1)/((-35)/3101) + 6/(-10) is divided by 30.
28
Let u = 28 - 24. Calculate the remainder when (-2)/6*3*-5 is divided by u.
1
Suppose 